ite?
False
Is 26503283 a prime number?
True
Is 1963649 a composite number?
True
Is 32884689 a prime number?
False
Is 68728069 a composite number?
True
Is 678269 a prime number?
False
Is 3313003 composite?
False
Is 17392985 a composite number?
True
Is 185644789 a prime number?
False
Is 24704767 a prime number?
False
Is 2309533 prime?
False
Is 958297 composite?
True
Is 23066857 a composite number?
True
Is 7977829 a prime number?
False
Is 3148531 a composite number?
True
Is 2763307 prime?
False
Is 37591141 a prime number?
False
Is 21423733 a composite number?
True
Is 7721611 composite?
False
Is 187653031 a composite number?
False
Is 351529 a prime number?
True
Is 5074567 a prime number?
True
Is 10173169 a composite number?
False
Is 22539067 composite?
False
Is 272204662 a prime number?
False
Is 400924663 prime?
True
Is 16426671 prime?
False
Is 113726681 a composite number?
False
Is 94505129 prime?
True
Is 2782729 a prime number?
False
Is 11706691 prime?
False
Is 3967603 composite?
True
Is 2630373 prime?
False
Is 17726161 a composite number?
False
Is 2578377 a prime number?
False
Is 74284487 a prime number?
False
Is 476680753 a composite number?
False
Is 5641709 composite?
False
Is 103089113 a composite number?
True
Is 179981 prime?
True
Is 596039 prime?
False
Is 7173259 prime?
False
Is 14632027 prime?
True
Is 1576571 a prime number?
True
Is 14538089 prime?
True
Is 13099201 composite?
True
Is 354076705 a composite number?
True
Is 98930287 prime?
True
Is 25885003 a prime number?
True
Is 2477807 a prime number?
True
Is 57505597 a composite number?
True
Is 38718593 a composite number?
False
Is 2992981 prime?
False
Is 12712283 a prime number?
True
Is 17677769 a composite number?
False
Is 56179111 composite?
False
Is 939157 a prime number?
True
Is 95407099 prime?
False
Is 43408499 a composite number?
False
Is 31420379 composite?
False
Is 9129149 a prime number?
True
Is 226909451 a prime number?
False
Is 5760611 a composite number?
False
Is 237493 prime?
False
Is 3426349 a composite number?
True
Is 4710691 a prime number?
False
Is 44449511 a prime number?
True
Is 302416703 a composite number?
False
Is 228149 a composite number?
True
Is 31238839 composite?
True
Is 10200095 a composite number?
True
Is 197944079 a composite number?
False
Is 222517247 composite?
True
Is 462157 a prime number?
False
Is 47029 composite?
True
Is 18930451 a prime number?
True
Is 1380707 composite?
False
Is 2820511 composite?
True
Is 57667 prime?
True
Is 369841349 a prime number?
True
Is 9995761 composite?
True
Is 590659639 a composite number?
False
Is 131673985 a composite number?
True
Is 76999337 a prime number?
True
Is 33859531 a prime number?
True
Is 901679 a composite number?
False
Is 5187707 prime?
False
Is 79503037 composite?
True
Is 256010669 prime?
True
Is 21034667 a composite number?
False
Is 41965193 prime?
True
Is 4597993 composite?
False
Is 2196839 composite?
True
Is 381060989 a prime number?
True
Is 2180467 prime?
True
Is 44419709 composite?
False
Is 61208207 prime?
False
Is 769883 prime?
False
Is 77029301 a prime number?
False
Is 7680791 prime?
True
Is 27121963 a prime number?
False
Is 1158384481 a composite number?
True
Is 4487771 a prime number?
False
Is 1272847 composite?
False
Is 4207139 composite?
False
Is 7881613 a prime number?
True
Is 374019361 a composite number?
False
Is 26651753 a prime number?
True
Is 152842471 a composite number?
True
Is 1787869 a prime number?
True
Is 230073871 composite?
False
Is 4140821 a prime number?
True
Is 1762721 prime?
True
Is 11318897 composite?
False
Is 187518449 a prime number?
False
Is 10592909 a prime number?
False
Is 27627143 a composite number?
False
Is 1551791 a prime number?
True
Is 35993261 composite?
False
Is 19209379 a prime number?
False
Is 2965681 prime?
True
Is 2287081 a prime number?
False
Is 178936007 prime?
True
Is 50143279 prime?
False
Is 29197705 prime?
False
Is 6397343 a prime number?
True
Is 3629351 composite?
True
Is 1488841 prime?
False
Is 51109 composite?
False
Is 4943261 a composite number?
False
Is 4703 prime?
True
Is 2514601 a prime number?
False
Is 65259941 prime?
True
Is 10248719 a composite number?
True
Is 14543369 prime?
True
Is 18729923 prime?
False
Is 13630571 a composite number?
True
Is 263386273 prime?
True
Is 8373523 a composite number?
True
Is 59465321 a composite number?
True
Is 3807983 composite?
True
Is 188320733 prime?
True
Is 1603873 a prime number?
False
Is 28295059 prime?
False
Is 16444853 prime?
True
Is 9069503 prime?
True
Is 604790081 prime?
False
Is 72806809 prime?
False
Is 468607 composite?
True
Is 3927443 composite?
True
Is 9634507 composite?
True
Is 28745729 a prime number?
True
Is 2988647 a composite number?
False
Is 380858711 composite?
True
Is 792541 composite?
True
Is 353959513 composite?
False
Is 413430209 prime?
True
Is 2301461 prime?
True
Is 1182637 composite?
True
Is 86677709 composite?
True
Is 21961 a prime number?
True
Is 1580797 a prime number?
True
Is 105396299 prime?
True
Is 17900923 a prime number?
False
Is 44180051 prime?
True
Is 53069311 a prime number?
False
Is 237607 a composite number?
False
Is 1535551 a prime number?
False
Is 7562587 a prime number?
False
Is 120903857 composite?
False
Is 470395 prime?
False
Is 320085627 a prime number?
False
Is 387449 composite?
False
Is 263723 a prime number?
True
Is 587329 prime?
False
Is 52337027 composite?
False
Is 28232717 composite?
True
Is 5268863 a composite number?
True
Is 13831277 a prime number?
True
Is 3369763 composite?
True
Is 652459 a prime number?
False
Is 6995893 composite?
True
Is 58317965 composite?
True
Is 152053997 a prime number?
True
Is 231930401 prime?
True
Is 3916415 a prime number?
False
Is 34592617 a prime number?
False
Is 29497759 a composite number?
False
Is 7734526 composite?
True
Is 36994183 a composite number?
False
Is 3032879 a prime number?
True
Is 1551727 prime?
False
Is 2724773 prime?
True
Is 54478621 prime?
True
Is 42281387 prime?
True
Is 245716223 a prime number?
False
Is 3690437 a prime number?
True
Is 7300229 composite?
True
Is 697364953 a composite number?
True
Is 48061763 a prime number?
True
Is 11228297 prime?
False
Is 15098399 a composite number?
False
Is 793276193 composite?
False
Is 1393699 a composite number?
True
Is 4758433 a prime number?
False
Is 5529991 composite?
True
Is 3642377869 prime?
False
Is 18860839 a composite number?
False
Is 22650383 composite?
True
Is 172026059 composite?
False
Is 7116797 prime?
False
Is 4309927 a composite number?
False
Is 5639119 composite?
True
Is 131724419 a composite number?
True
Is 2419007 a prime number?
True
Is 12659173 prime?
True
Is 35011219 composite?
False
Is 2849581 a composite number?
True
Is 412678393 composite?
True
Is 9615409 prime?
True
Is 10784941 a prime number?
True
Is 329829671 a prime number?
True
Is 5897509 a prime number?
False
Is 759453833 a prime number?
True
Is 4227947 a prime number?
False
Is 464265799 prime?
False
Is 23477446 a prime number?
False
Is 2033699 composite?
False
Is 646327037 prime?
True
Is 103557037 a prime number?
False
Is 185451683 a composite number?
False
Is 21466141 composite?
False
Is 11946017 prime?
True
Is 1052911 a prime number?
False
Is 3380053 a composite number?
True
Is 223999 a prime number?
True
Is 861523 prime?
False
Is 396987353 prime?
False
Is 201881 a composite number?
False
Is 153724163 a composite number?
True
Is 7877789 composite?
True
Is 64459345 prime?
False
Is 32081817 a prime number?
False
Is 10558459 a prime number?
True
Is 2737639 composite?
False
Is 29989963 composite?
True
Is 4314527 prime?
False
Is 13443187 a prime number?
True
Is 64233929 a prime number?
True
Is 13377701 a prime number?
True
Is 39171317 composite?
False
Is 284668591 a prime number?
True
Is 49221303 a prime number?
False
Is 1077871 prime?
False
Is 44828879 a prime number?
True
Is 337339 a composite number?
False
Is 24569995 a composite number?
True
Is 35287169 a composite number?
False
Is 18481297 a prime number?
False
Is 2256805 prime?
False
Is 120272749 a prime number?
True
Is 28991462 a prime number?
False
Is 25564459 a composite number?
False
Is 35153117 composite?
False
Is 18554183 composite?
False
Is 639935419 prime?
True
Is 7489747 composite?
True
Is 1262819 a composite number?
False
Is 70145 a